Is 97667519 a prime number?
False
Is 267771979 a composite number?
False
Is 1981813 a prime number?
True
Is 49329097 a prime number?
True
Is 69568003 a composite number?
True
Is 610216063 composite?
False
Is 1853297 prime?
False
Is 7694143 a prime number?
True
Is 3314819 prime?
True
Is 39372887 composite?
True
Is 41459503 prime?
True
Is 133176877 prime?
False
Is 1188973 prime?
True
Is 204176533 composite?
True
Is 1849319 a prime number?
True
Is 10740427 prime?
True
Is 102761 composite?
False
Is 52012949 prime?
False
Is 12113723 prime?
True
Is 52511 a prime number?
True
Is 30344579 prime?
True
Is 41667481 a composite number?
False
Is 2088103 a prime number?
True
Is 53683141 a prime number?
False
Is 94014047 a prime number?
False
Is 334021 prime?
True
Is 144056821 a composite number?
True
Is 15524503 a prime number?
False
Is 1840633 a composite number?
False
Is 9092441 a composite number?
True
Is 19345241 prime?
True
Is 6586319 a prime number?
True
Is 5557691 prime?
False
Is 12468733 a prime number?
False
Is 511703 a prime number?
True
Is 32104739 composite?
False
Is 1306789 a prime number?
False
Is 51054001 composite?
False
Is 483907 a composite number?
False
Is 2562841 prime?
True
Is 16027591 prime?
True
Is 50618287 composite?
False
Is 89604089 a prime number?
False
Is 124925545 a prime number?
False
Is 2899823 a composite number?
False
Is 275389979 composite?
False
Is 1846469 prime?
True
Is 406220069 a prime number?
False
Is 49373059 a prime number?
False
Is 5346433 composite?
True
Is 86310067 a composite number?
False
Is 781559 a prime number?
True
Is 60793693 a prime number?
False
Is 451385943 prime?
False
Is 318596647 composite?
False
Is 908909 a prime number?
True
Is 250036049 prime?
False
Is 70597297 a prime number?
False
Is 2065985 prime?
False
Is 17656607 a composite number?
False
Is 94913171 a prime number?
True
Is 17159491 a prime number?
False
Is 15999229 composite?
True
Is 883403 a prime number?
False
Is 175564694 composite?
True
Is 1085189 a prime number?
False
Is 537663241 composite?
True
Is 45479093 a composite number?
True
Is 403433 a prime number?
True
Is 11875555 a composite number?
True
Is 823271 prime?
True
Is 482437 a prime number?
True
Is 268675163 a prime number?
False
Is 19072999 a prime number?
False
Is 96573241 a composite number?
False
Is 14538157 a prime number?
True
Is 81931961 a composite number?
False
Is 1497463 a prime number?
False
Is 6724567 prime?
False
Is 21261439 a composite number?
True
Is 84095411 prime?
False
Is 9612539 a prime number?
True
Is 11488771 a composite number?
True
Is 2432873 prime?
False
Is 1951289 a composite number?
False
Is 88396153 composite?
True
Is 3252091 a composite number?
False
Is 257261794 a composite number?
True
Is 5542049 composite?
True
Is 32811319 composite?
True
Is 29581613 a prime number?
False
Is 106371949 prime?
False
Is 2462233 prime?
True
Is 88186927 prime?
False
Is 44478911 composite?
True
Is 36802043 composite?
False
Is 14295989 composite?
False
Is 1967603 prime?
False
Is 7476569 a composite number?
False
Is 287210067 prime?
False
Is 28533569 prime?
True
Is 70928261 composite?
False
Is 20430349 a composite number?
False
Is 12076663 prime?
True
Is 189543787 a composite number?
False
Is 1938659 composite?
False
Is 14272619 a composite number?
False
Is 10216229 composite?
False
Is 10229981 a composite number?
False
Is 1408961 prime?
True
Is 103136417 a composite number?
False
Is 182289971 a prime number?
False
Is 93765803 composite?
False
Is 259883313 prime?
False
Is 71406021 prime?
False
Is 49919185 a prime number?
False
Is 1157953 composite?
False
Is 3835423 a prime number?
False
Is 111660001 prime?
False
Is 14608493 prime?
False
Is 36261733 composite?
False
Is 1424711 a composite number?
True
Is 11080877 composite?
True
Is 71491741 a prime number?
False
Is 56366587 a composite number?
True
Is 7677343 a prime number?
False
Is 1289261 composite?
False
Is 41563171 composite?
True
Is 186377354 a composite number?
True
Is 216822187 a prime number?
True
Is 3046871 composite?
False
Is 2977087 a composite number?
False
Is 6223709 composite?
True
Is 2330909 composite?
True
Is 208181549 a composite number?
False
Is 2182837 a prime number?
False
Is 18681967 a prime number?
True
Is 33336727 composite?
False
Is 88379 a composite number?
False
Is 25380265 composite?
True
Is 6540923 prime?
False
Is 19502939 a prime number?
True
Is 1202251 a composite number?
False
Is 16188035 a prime number?
False
Is 166286041 composite?
False
Is 1139134471 a composite number?
True
Is 888893 a prime number?
False
Is 2604533 a prime number?
False
Is 17326121 a composite number?
True
Is 327401 composite?
False
Is 13974989 composite?
True
Is 7863143 a composite number?
False
Is 81632977 a composite number?
False
Is 1166233 a composite number?
True
Is 2808551 prime?
True
Is 7013507 prime?
False
Is 48630739 a prime number?
True
Is 38522489 a prime number?
True
Is 29289257 composite?
False
Is 7082479 a composite number?
False
Is 12531693 a composite number?
True
Is 2769817 composite?
True
Is 315856111 a composite number?
False
Is 742453 composite?
True
Is 25895357 a prime number?
True
Is 1075259 a prime number?
True
Is 45679243 a prime number?
False
Is 32731453 composite?
False
Is 30867 a composite number?
True
Is 2782469 a composite number?
False
Is 296341 a composite number?
True
Is 156988883 composite?
True
Is 4185769 a prime number?
False
Is 138885501 prime?
False
Is 1379527 prime?
False
Is 3031343 prime?
False
Is 793040999 composite?
False
Is 4837583 a prime number?
False
Is 3956453 a prime number?
True
Is 476707997 composite?
False
Is 16319647 a prime number?
True
Is 3326809 composite?
True
Is 3608323 prime?
True
Is 424357 composite?
True
Is 523387 a composite number?
False
Is 555589 a composite number?
False
Is 1022756269 prime?
True
Is 866374 prime?
False
Is 629411 a composite number?
False
Is 105405367 a composite number?
True
Is 766757 a prime number?
True
Is 1072337 prime?
False
Is 284695181 a prime number?
True
Is 9240739 prime?
True
Is 765601 a composite number?
True
Is 169547557 a prime number?
True
Is 3188033 composite?
False
Is 4726718 prime?
False
Is 533419 composite?
True
Is 284288999 a composite number?
False
Is 11064337 prime?
False
Is 10611221 a composite number?
False
Is 231107 composite?
False
Is 2832987 a prime number?
False
Is 9541261 composite?
True
Is 2831111 prime?
False
Is 10561521 composite?
True
Is 272513 prime?
False
Is 3253501 a prime number?
False
Is 272580281 a composite number?
False
Is 28345991 a prime number?
True
Is 3840689 a composite number?
False
Is 44225641 a prime number?
True
Is 139193 a composite number?
True
Is 127504733 a composite number?
False
Is 2715893 a composite number?
False
Is 349018205 composite?
True
Is 95154959 composite?
False
Is 6455773 a prime number?
True
Is 95807455 a prime number?
False
Is 9146777 a prime number?
False
Is 63401491 prime?
False
Is 378483011 composite?
False
Is 165756677 a composite number?
False
Is 548759701 a prime number?
False
Is 4614713 prime?
True
Is 20799967 a composite number?
False
Is 6442603 a composite number?
True
Is 14943113 a prime number?
True
Is 101315899 a composite number?
True
Is 11295881 a prime number?
False
Is 3270889 prime?
True
Is 108430541 a prime number?
False
Is 15472081 a composite number?
False
Is 249870211 a prime number?
False
Is 1613947549 composite?
False
Is 23454881 a composite number?
True
Is 29730217 composite?
True
Is 6113297 prime?
True
Is 15284881 composite?
False
Is 4222909 prime?
True
Is 1579507 a composite number?
True
Is 25127849 a composite number?
True
Is 404816887 prime?
False
Is 129936139 a composite number?
False
Is 734089 prime?
False
Is 6539699 composite?
True
Is 215482453 a composite number?
False
Is 9400661 a composite number?
True
Is 10590889 a prime number?
False
Is 184663873 a composite number?
False
Is 135814523 a composite number?
True
Is 311906519 composite?
True
Is 1038269 composite?
False
Is 252277 composite?
False
Is 11473097 a prime number?
True
Is 1404643 composite?
False
Is 52306957 a composite number?
False
Is 18627374 a prime number?
False
Is 13596803 composite?
True
Is 1047197 composite?
False
Is 471963 prime?
False
Is 4665601 a composite number?
True
Is 5